(26 - 14) + -16.
-9
What is 5 - (1 + 1 + 0)?
3
What is 6 + -7 - -12 - 6?
5
What is 2 + 0 + -4 + 2 + 1?
1
Calculate 4 - (4 + -7 + (-1 - -3)).
5
Evaluate -4 + 3 + 2 + -6 + -1.
-6
Evaluate -2 + 0 + 1 - -5 - 0.
4
What is -5 + 4 - (20 + -18)?
-3
-2 - (-2 - -2 - -2)
-4
Evaluate -6 - 0 - ((-5 - -1) + 3).
-5
What is 0 - 1 - (-118 + 114)?
3
2 + 9 + (-24 - -8)
-5
5 + 0 - (1 - 0) - 0
4
-7 - (0 + -6 + 0)
-1
Evaluate -4 + (-9 - (-8 - -3) - -14).
6
Evaluate -1 - 7 - (-14 - -8).
-2
What is 130 + -125 - (1 + 4)?
0
Evaluate 5 + 6 + -20 + 4.
-5
-12 - (-8 + -3 - -8)
-9
What is the value of (-1 - (-4 - -6)) + 3 + 0?
0
What is -3 + 3 + 0 - (5 - 8)?
3
What is (-3 - -6) + -6 + 3?
0
(-2 - (1 + -3)) + -2 + 3
1
6 + 1 + (3 - 10)
0
What is 1 + -6 + (3 - 0)?
-2
What is the value of -26 + 23 - (-1 + 4)?
-6
Evaluate -4 - (3 - 11) - -1.
5
What is -3 + (-3 - -1) + 2?
-3
9 + 0 - 9 - -2
2
Calculate -24 + 19 - ((2 - 0) + -5).
-2
What is the value of 2 - (-3 - -5 - 4)?
4
What is the value of -3 + 8 + -2 + 0?
3
Calculate 5 + (2 - 8) - (-5 - -2).
2
Evaluate 6 - 3 - (-6 - (3 - 13)).
-1
Calculate (-1 - 6) + (17 - (37 + -19)).
-8
Calculate (-2 - -4) + 0 + -7.
-5
What is (-5 - -5) + (-9 - -12)?
3
What is -3 + 2 + 4 + -9 - 0?
-6
Evaluate 1 + (-1 - (-2 - (-3 - -4))).
3
Calculate 0 + (1 - -1 - (3 + 2)).
-3
Evaluate 9 + (11 - 19) + (-8 - 0).
-7
Calculate 3 + 2 - (-17 - -13).
9
Evaluate -1 + -8 + (-7 - (-4 + -4)).
-8
Evaluate -7 + 6 + -4 + 2.
-3
Evaluate -8 - (4 - (7 - -5)).
0
Evaluate (4 - 12) + 3 - -9.
4
What is (3 - 0) + (1 + -4 - -2)?
2
Calculate (1 - (3 - 0)) + (15 - 12).
1
What is the value of -5 + -6 + -2 + 9?
-4
Evaluate (3 + (3 - 1) - 1) + -1.
3
Calculate -5 + (4 + -1 - 3) - -8.
3
Evaluate (-25 - -33) + (1 - (-1 + 5)).
5
(-4 - (-7 - 10)) + -7
6
2 + 1 + 31 + -27
7
3 + 1 - (8 + 2 - 6)
0
Calculate -8 + -10 + 1 + 24.
7
What is the value of 0 - (16 + -8 - 2)?
-6
What is the value of -8 + 0 + 12 - 7?
-3
Calculate 4 + (-1 + 2 - (-2 - -10)).
-3
-3 + -5 - (-8 + 3)
-3
What is -51 - -62 - (-4 + 2 - -5)?
8
Calculate (-11 - -3) + -1 - -8.
-1
What is the value of -1 + (38 - 39 - (-1 + 5))?
-6
Calculate -2 + (3 + -2 + 1 - -3).
3
Calculate -6 + (5 - 5) + 3.
-3
What is the value of 13 + (-21 + 20 - (6 + 0))?
6
Evaluate 6 + (0 + 1 - 9) - 2.
-4
Calculate (0 - 3) + 1 - -3.
1
What is (-26 - -28) + 2 + -2 + -2?
0
-7 - -4 - (1 - 1)
-3
Evaluate -9 + 2 + 14 - 11.
-4
Calculate 4 + 2 + (9 - 5) + -11.
-1
What is the value of (6 - 3) + (2 - 6)?
-1
What is the value of 0 - (8 - (-2 + 4))?
-6
Evaluate -1 - (-1 + 1 + 3) - 0.
-4
What is (168 - 175) + (6 - (1 - -1))?
-3
What is -9 + (6 + -8 - (-5 - -2))?
-8
What is 6 - 9 - -7 - 2?
2
What is the value of 2 - 1 - (3 - (-5 + 4))?
-3
What is -5 + 0 + (-40 - -41)?
-4
(-12 + 9 - 11) + 9
-5
What is -2 + 5 + (19 - 26)?
-4
What is the value of -1 - 3 - (-3 + -3 + 6)?
-4
What is -3 + (6 + 3 + -9 - -4)?
1
Calculate -2 + 1 + -4 - -2.
-3
What is 8 + -14 + 18 - 5?
7
Evaluate -2 + 2 + (-7 - -1) - -2.
-4
Calculate (10 - 3 - 1 - 5) + -1.
0
0 - (0 + -1 + 5)
-4
11 + -16 - (-1 - 9)
5
-11 - -17 - 12 - (-7 - -1)
0
Evaluate 6 + 4 + -3 + 0.
7
What is the value of -4 + 7 - (1 - (1 + -1))?
2
What is 3 - 2 - 6 - (0 + -10)?
5
What is the value of 6 - (5 - 5) - 0?
6
4 - (0 + 0) - (65 + -58)
-3
What is (2 + 4 - 11 - -6) + -6?
-5
Evaluate -2 + -2 + 1 - -4.
1
Calculate (-3 + -1 - 4) + 4 + -1.
-5
Evaluate 191 + -188 + (1 + 0 - -3).
7
What is the value of -5 + 3 + 2 + -1 + -2?
-3
Evaluate 7 + -3 + 1 - 8.
-3
What is 0 + (3 - 6) + (12 - 1)?
8
What is 9 - (5 - 11) - 16?
-1
What is the value of 2 + (2 + -9 - -5)?
0
What is the value of -24 + 24 + (1 - 0)?
1
Evaluate 2 + 1 + 4 + (20 - 21).
6
What is 0 - ((5 - 8) + -1) - 3?
1
Evaluate 2 - (-4 - (5 + -6 + -5)).
0
What is -9 - (0 + -8 + 0 + 0)?
-1
-8 + (-2 - -1) - (44 + -50)
-3
What is 0 - ((11 - 4) + -3)?
-4
-5 - (-5 - -1 - (17 + -22))
-6
What is -1 + 1 + (4 - 0)?
4
Calculate (-5 - -5) + (-1 - 2).
-3
Evaluate -2 - (3 - 8) - (3 + -1).
1
(-2 - -3) + 4 + -1
4
What is 4 - ((7 - -4) + -4)?
-3
Evaluate (5 - 1) + (137 - 152).
-11
-2 - -11 - 4 - 7
-2
What is the value of -2 - (3 + 1) - -6?
0
Evaluate (-4 - -1) + 7 - (10 - 4).
-2
What is the value of -9 + 15 - (0 - -4) - 8?
-6
Calculate -3 + 0 - (3 - 6).
0
0 - (5 - 8) - 1
2
Calculate 2 - 5 - (-7 + 2 + 1).
1
Evaluate 2 - (-8 + 11) - 3.
-4
What is (-14 - 0) + 132 + -126?
-8
Evaluate -2 + (2 - -1) - 2.
-1
What is 3 - (1 - -1 - (-13 - -12))?
0
Calculate 7 - (-8 - -18) - 0.
-3
0 + (2 - 1) + -6 + 6
1
Evaluate -3 + (12 + -14 - (1 + -6)).
0
2 + -13 - (1 - 6) - -7
1
Evaluate 8 - (0 - (0 - 4)).
4
What is the value of 59 - 62 - (9 + -2 - 1)?
-9
What is -5 + 8 + -1 + 0 + -2?
0
Evaluate -14 + 7 + -5 + 6.
-6
What is the value of 2 + 6 + -3 + -2?
3
Evaluate (10 - (3 + -1)) + (0 - 3).
5
Evaluate -8 - ((1 - -8) + -15).
-2
((-2 - -4) + -1 - 0) + -5
-4
What is the value of 0 + (-3 - (-1 - 4)) + -1?
1
What is the value of 4 - 1 - (-7 - (2 + -13))?
-1
Evaluate (3 - -1 - (7 - 2)) + 3.
2
What is the value of 1 + 1 + 0 + -33 + 34?
3
What is the value of -8 + (-2 - -20) + -6?
4
What is -8 + -1 + (-9 - -6) + 10?
-2
Evaluate 0 + (8 - (7 + -5)).
6
Evaluate -4 - (-11 + -2 + 5).
4
Evaluate 4 + (0 - 3) - -2.
3
What is the value of (2 + 1 - 0) + -2?
1
What is -1 - (-6 + -2 - -10)?
-3
Evaluate 3 + (9 - 3) + -4.
5
What is (-21 - -25) + (1 - (-3 - -3))?
5
Calculate (-4 - (-2 + -2 - 0)) + -7.
-7
What is the value of 13 + -10 + (-1 - 4 - -6)?
4
Calculate -2 + 0 + (-9 - -10).
-1
What is 1 + 6 - (9 + 4 + -9)?
3
Evaluate -10 + (17 - 9) - -7.
5
Calculate 4 + (2 - (-1 + -4 + 11)).
0
Evaluate -3 - -3 - 3 - (-18 + 19).
-4
1 - ((3 + -2 - -3) + 2)
-5
What is the value of -2 + -1 - ((-2 - -12) + -2)?
-11
Evaluate (1 + 5 - (27 - 21)) + 6.
6
Evaluate 18 - 5 - (-9 - -18).
4
2 - (-2 - (3 + -12))
-5
Evaluate (3 - ((0 - 4) + 11)) + 7.
3
-13 + 7 - (-3 - 0)
-3
What is the value of 2 + -5 - (-1 + 1) - -8?
5
Evaluate -3 - (-9 + (1 - -2)).
3
(8 - (-5 + 3 + 6)) + -2
2
What is -2 - (-1 - (2 + -5 + 3))?
-1
What is the value of 3 - (-3 - -1 - (2 - 7))?
0
What is the value of -6 - (-3 + 1 + 4 + -3)?
-5
Calculate 3 - 7 - -5 - 5.
-4
Calculate -2 + (9 - 3) + 1.
5
Evaluate (9 - (2 + (0 - 1))) + -4.
4
Evaluate 24 - 11 - (6 + 0) - 2.
5
Calculate (44 - 50) + (0 - (0 + 0)).
-6
0 + 9 - (-4 - -6 - -2)
5
Evaluate (8 - 16) + 10 - (-1 - -8).
-5
(-1 + -2 - 7) + 5 - -4
-1
What is (9 - 28) + 9 - -9?
-1
Evaluate 9 + -10 + 3 - 3.
-1
6 - -1 - (20 - 17) - 8
-4
Evaluate (-1 - -6) + (-5 - -1) - 3.
-2
Calculate (-4 - -4) + 1 - (1 - -2).
-2
Evaluate -10 + -3 + (21 - -2).
10
What is 2 - (-5 + (11 - 7))?
3
Evaluate (-8 - -4) + -3 + 13.
6
Evaluate 12 + (-8 - -1) + -2 + 1.
4
What is the value of 9 - (8 - (-3 + -2) - 5)?
1
-19 + 21 - (-6 - 0)
8
What is the value of -3 + 0 + 5 + 2 + -10?
-6
Evaluate -1 + -5 - -4 - (-8 - -1).
5
What is -4 - -1 - (-10 - (-12 + 10))?
5
What is -3 + 1 - (0 - -3 - 0)?
-5
2 + (2 - (13 + -6))
-3
Calculate -5 + -1 + 4 - (1 - 0).
-3
Evaluate -6 + 0 + (8 - 7).
-5
(0 - (-1 + (-5 - -4))) + 2
4
What is the value of -3 + -2 - -3 - (-4 + -2)?
4
-3 - (-2 - 0) - 3 - -2
-2
0 - (-3 + 0 + 1) - -4
6
What is the value of -1 + -1 + -2 - (-10 - -4)?
2
What is (-10 - -8) + (5 - 2)?
1
Calculate -8 - (0 + (1 + 2 - 8)).
-3
8 + (-3 - 1) - 4
0
What is the value of 7 + -10 + (0 - 1) + -3?
-7
Calculate (-1 - -16 - 8) + -7 + -1.
-1
2 - (2 + -2) - 2
0
What is 7 - (-5 - -2) - 13?
-3
What is the value of 6 - (9 + -3) - (1 + 2)?
-3
What is (0 + 4 - (17 + -17)) + -2?
2
Evaluate 1 + 1 + (-5 - (1 + -7)).
3
What is the value of 4 - (3 + (7 + -3 - 2))?
-1
What is 9 - (0 - (-1 + -10))?
-2
What is the value of 0 - (-1 - -2) - (13 + -14)?
0
What is -4 + 1 + (13 - 0) + -5?
5
(4 - (4 - (-3 + 3))) + -7
-7
What is (3 - 5) + -2 + (-3 - -1)?
-6
(1 - -4) + -19 + 13
-1
-2 - (8 + -9 + -3 + 5)
-3
(-3 - 0) + (4 - (3 - -1))
-3
What is (-5 - 8 - -17) + (-13 - -1)?
-8
What is (-13 - -7) + 11 + -6?
-1
What is the value of (-3 - -4) + (5 - 1) + -2?
3
What is -7 + -2 + 10 + 7 + -11?
-3
What is (-1 - 0) + -7 - (-2 - 1)?
-5
What is 4 + (-4 + 7 + -1 - 14)?
-8
What is 1 + 9 + (4 - 8)?
6
Evaluate (-6 - -2) + -2 - -1.
-5
Evaluate 2 - (-8 + -1 + 8).
3
Evaluate (0 - 2) + -4 + 3.
-3
What is the value of 4 - (6 - (6 - 2))?
2
What is -3 - 2 - 0 - -9?
4
What is (-15 + 4 - -21) + -11?
-1
What is (-16 - -15) + (-4 - -4 - 3)?
-4
0 - (-4 - (6 